 51 = -7, -c + 5*a - 4 = 0. What is the units digit of c/(-10)*1*15?
6
Let x = -2453 - -450. Let t = -911 - x. What is the hundreds digit of t?
0
Let h(r) = 1470*r + 1408. What is the tens digit of h(4)?
8
Let n(z) = z**3 + 5*z**2 + 39*z - 262. What is the tens digit of n(13)?
8
Suppose -5*x - 4*d = 9 - 56, d = -5*x + 38. Let m(q) = 253*q - 250. What is the units digit of m(x)?
1
Let i = 215 - 210. Suppose 2597 = i*r + 4*p, -3*p = -0*r - 2*r + 1048. What is the units digit of r?
1
Let t(a) = 60*a + 84. Let x be (1 - (0 - 11)) + (-20)/5. What is the tens digit of t(x)?
6
Suppose 5*f = l + 7*f - 1265, -5*l - 4*f = -6313. Suppose 0 = 3*t - 6, -2*t - l = -2*x + 1321. What is the units digit of x?
3
Suppose 3*q + 5 = 2*o - 5, 5*o - 6 = -2*q. Let v be (-1530)/(-16) + (15 - 1404/96). Suppose -3*f + o*f = -v. What is the tens digit of f?
9
Let o = 496 - -468. Let t = -355 + o. What is the tens digit of t?
0
Suppose -3*s - 2*t + 143843 = 0, 4*s = -5*t + 140996 + 50811. What is the hundreds digit of s?
9
Let f = 8891 + 15742. What is the thousands digit of f?
4
Let n = -14 + 18. Suppose 5*f - 5*y + 695 = 3170, 0 = -4*f - n*y + 2012. What is the units digit of f?
9
Let i = 50 + -52. Let a be i/4 - 13/(-26). Suppose a = -4*y + 4*o + 114 + 150, -2*y + 132 = o. What is the units digit of y?
6
What is the hundreds digit of ((-8)/(-2)*23/92)/(2/93678)?
8
Let y(n) = 20*n + 262. Let f be y(-49). What is the units digit of 1/((-3)/f)*(-36)/(-24)?
9
Suppose 2*f - 4 = -2*s, 5*f = s + 9*f - 17. What is the hundreds digit of 5 - (-13)/s*(-7 + -47)?
2
Let h be 27/(-108) - -3701*(-2)/(-8). Suppose 4*q + 0*d - 3*d - h = 0, -461 = -2*q + 3*d. What is the hundreds digit of q?
2
Let y = -87 - -426. What is the units digit of y?
9
Let r be 3/1 + 17 + -12. Let f = 15 + r. Suppose k - 5*a = 31, 6*a - f = -2*k + 3*a. What is the units digit of k?
6
Suppose -15742 = -25*p + 26433. Let j = -762 + p. What is the units digit of j?
5
Suppose 5*a - 3*a = 2*q + 10, -2*q = 5*a - 53. Suppose -9502 - 1613 = -a*p. What is the thousands digit of p?
1
Suppose -8*j + 7*j = -5*w - 48998, w + 195992 = 4*j. What is the thousands digit of j?
8
Suppose 0 = -42*j + 11 + 325. Suppose -j*z + 7*z - 2*r = -587, 2*z + 2*r = 1176. What is the units digit of z?
9
Let l(s) = -9*s**3 + 16*s**2 - 9*s + 44. Let v(f) = 5*f**3 - 8*f**2 + 4*f - 22. Let n(p) = -4*l(p) - 7*v(p). What is the hundreds digit of n(11)?
4
Let x(j) be the first derivative of 6*j**2 + 25*j + 15. Suppose 0 = 17*p - 297 + 76. What is the tens digit of x(p)?
8
Suppose 23*v - 38537 - 22643 = 0. What is the thousands digit of v?
2
Let i(j) = 16*j**3 - j**2 - 6*j + 9. Suppose 8 = 19*l - 30. What is the units digit of i(l)?
1
Let f = 294 - 294. Suppose -28*a + 44494 - 11454 = f. What is the thousands digit of a?
1
Let o(c) = -3*c**2 + 3*c + 4. Let f be o(-2). Let w be (-13)/52 + (-33)/(-4)*13. Let t = w + f. What is the units digit of t?
3
Suppose 4 = -5*u + 4*z, -2*u = -z + 17 - 16. Let f = 153 + -99. Suppose x + 2 - f = u. What is the units digit of x?
2
Let a(i) = 4*i + 10. Let l = -31 - -21. Let h = l + 19. What is the units digit of a(h)?
6
Let a(p) = p**2 - p. Let d(o) = o**2 + 15*o + 8. Let j be d(-14). Let l be a(j). Suppose 18 = n - k, -2*n - 3*k - k = -l. What is the units digit of n?
9
Let s(x) = -x - 3*x**2 + 3*x**2 - 12*x - x**2 - 21. Let g be s(-9). What is the units digit of 1 - ((-820)/g + (-2)/6)?
6
Let t be ((-5)/2)/(32/(-64)) + 510. Let c = t - -500. What is the units digit of c?
5
Let s = 11357 - 11151. Let z be -55 + 0/1 + 0. Let t = z + s. What is the hundreds digit of t?
1
Let n(w) = -22*w**2 + 70*w**2 + 68*w**2 - 14*w + 6*w - 13*w**2 - 2. What is the units digit of n(-1)?
9
Let l = 145 + -141. Suppose i - 5*a = 25, -4*a = -3*i + l*i - 52. What is the units digit of i?
0
Let q be 0/((-8)/(40/15)). Suppose -5*j - 9 = 4*b - 48, q = -4*b - 3*j + 33. What is the units digit of b?
6
Suppose 4*m + 22414 = 5*v, -3*v + v = -3*m - 8960. What is the tens digit of v?
8
Suppose -18*a = -16*a - 30. Let j be a/(-5) + 10/2. Suppose j*g = -5*g + 931. What is the units digit of g?
3
Let m(a) = 52*a + 62. Suppose -3*c - 26 = -23. What is the units digit of m(c)?
0
Let j = 44935 + -7989. What is the hundreds digit of j?
9
Let g = -2 + 4. Let v(a) = -110*a**3 + 3 - 3*a**2 + 0*a + 4*a**2 - 2*a + 54*a**3 + 72*a**3. What is the tens digit of v(g)?
3
Suppose -5*y - 4*g = -25, -4*y - 3*g = -4 - 15. What is the units digit of (y/(-4))/(3*5/(-25980))?
3
Suppose -5*n - 3 = -w - 6, -4*w + 60 = -2*n. What is the hundreds digit of (65/3)/((w/(-54))/(-17))?
1
Let f = -17228 - -26897. What is the hundreds digit of f?
6
Suppose 7*a = -5*f + 5*a + 48262, 4*a = -4*f + 38612. What is the units digit of f?
2
Let d(l) = -6*l - 18. Let i = -40 + 36. Let b be d(i). Let y = b + 4. What is the units digit of y?
0
Let r be (-115)/(-10)*(4 - 0). Let v = -46 + r. Suppose -10*k + 619 + 1331 = v. What is the hundreds digit of k?
1
Let h = -1007 - -462. Let w = h + 803. What is the tens digit of w?
5
What is the tens digit of ((-5)/((-75)/(-63290)))/((-22)/33)?
2
Let g = 199800 - 131353. What is the thousands digit of g?
8
Let r(y) = 574*y + 430. Let d be r(6). Let x = d - 2178. What is the hundreds digit of x?
6
What is the tens digit of -4 + 10 - 12 - -6*1016?
9
Let y = 8530 + 1515. What is the ten thousands digit of y?
1
Suppose -3 = 9*x - 21. Let p be (50/(-20))/(x/(-356)). Suppose -5*l = -p - 330. What is the hundreds digit of l?
1
Let p = 121584 + -47846. What is the units digit of p?
8
Suppose -2*b - 2*x = -17663 - 6465, 0 = 4*x + 20. Suppose 19*g + 4013 = b. What is the hundreds digit of g?
4
Let a be -17 + 27 - (-4)/(-1). Suppose -a*n + 1361 = -595. Suppose n + 2558 = 14*p. What is the units digit of p?
6
Let k be ((-144)/(-15))/(1/(-120)*-2). Suppose 5*p - k - 1004 = 0. What is the hundreds digit of p?
3
What is the thousands digit of -1*(1/(-1) + 2 - (19750 - 47))?
9
Suppose 67006 = 8*i + 4193 - 24323. What is the thousands digit of i?
0
Let s = -55843 - -105227. What is the units digit of s?
4
What is the thousands digit of 4197557/772 - 22/(-8)?
5
Let v = -778 - -1258. Let x(i) = -2*i - 5. Let u be x(-5). Suppose 0*t = -u*t + v. What is the units digit of t?
6
Suppose -2 = -2*o - 2*p, 3*o + 2*p = 10 - 2. Let v(d) = 8*d + 13. Let z be v(o). Let a = z - 32. What is the tens digit of a?
2
Suppose -513 = 19*z - 28*z. Suppose -6*j + 16 = 4*c - 2*j, j = 3*c - 20. Let u = z + c. What is the units digit of u?
3
Let h = 70124 + -5578. What is the tens digit of h?
4
Let v(i) = -i**3 + 15*i**2 + 17*i - 50. Suppose 0 = -860*r + 865*r - 70. What is the hundreds digit of v(r)?
3
Suppose -3*s + 607 = -2*z + 2027, 0 = s + 3*z + 466. Let u = s - -849. What is the tens digit of u?
7
Let p = -1550 - -1246. Suppose -4*x - 2*k = 422, -523 = 5*x + 2*k - 4*k. Let u = x - p. What is the tens digit of u?
9
Let g(f) = 3*f**2 + 5*f + 25. Suppose -5*n - 5 = 5*r, 2*r - 3*n = 2*n - 30. What is the units digit of g(r)?
5
Suppose -3*p = -2*h - 1 + 3, 18 = -2*h - 2*p. Let a(y) = y - 7*y - y - 7. What is the units digit of a(h)?
8
Suppose -234 = -4*k + 5*f - 58, 3*k + 2*f - 109 = 0. Let q = -38 + k. What is the tens digit of 4 + q/2*58?
3
Let o = -1245 - -608. Let w = -375 - o. What is the hundreds digit of w?
2
Let x = -6453 + 10253. What is the units digit of x?
0
Let r = 3163 + 19400. What is the ten thousands digit of r?
2
Let r be (-2)/(-9) - 7004/(-153). Let l = r - -28. What is the tens digit of l?
7
Suppose -72 = -8*b - 8. What is the tens digit of 5830/35 - b/14?
6
Suppose -25 = 5*a - 50, d + 4*a + 556 = 0. Let w = d - -1659. What is the units digit of w?
3
Let m(c) = -c**2 - 7*c - 2. Let x be m(-6). Suppose x*p + 1 = -3. Let t = p + 10. What is the units digit of t?
9
Suppose -29*m + 30*m = -4*t + 8723, 6541 = 3*t + m. What is the thousands digit of t?
2
Let y(p) = -169*p + 1141. What is the thousands digit of y(-59)?
1
Let u(i) = -i**3 + 3*i**2 + 6. Let p be u(3). Suppose 6*a - 3*a = p*a. Let n(c) = c**2 + 54. What is the tens digit of n(a)?
5
Let m(y) = -6*y**2 - 9 + y**3 + 88*y - 2*y**3 - 1 - 83*y. Let q be m(-7). Suppose -3*n + q*n - 75 = 0. What is the units digit of n?
5
Let b be 2/(-11) + 348/(-22). What is the hundreds digit of (-5865)/6*b/10?
5
Suppose 0 = 5*b - 2